3 - p**2. Let q be s(l). Let v(c) = -4*c + 1. Determine v(q).
17
Let k(s) = -6*s**3 + 31*s**2 + 21*s - 33. Let o(y) = -4*y**3 + 33*y**2 + 20*y - 34. Let b(a) = -3*k(a) + 4*o(a). What is b(-19)?
1
Let r(u) = -2*u - 25499. Let p(c) = c + 21856. Let j(w) = -7*p(w) - 6*r(w). Suppose -10 = -7*l + 2*l. Suppose 5*k = x + 2, x + 4*k = -0*k - l. Give j(x).
-8
Let t(c) = -c**2 + 9*c - 15. Let h(d) = d**2 + 4*d - 54. Let u(x) = -2*x**2 + 19*x + 23. Let v be u(11). Let b be h(v). What is t(b)?
3
Suppose -8*m - 35*m = -169 - 177 + 45. Let f(g) be the second derivative of 1/6*g**3 - g + 0 - g**2. What is f(m)?
5
Let f(z) = -19*z - 321. Let i be f(-21). Let d(w) = -i - 76 + 7*w + 140 + w**2. What is d(-7)?
-14
Let b(l) = -l**2 - 7*l + 2. Let w(r) = r**2 + 11*r - 3. Let t(v) = -9*v**2 + 39*v + 24. Let j be t(5). Let z(d) = j*b(d) - 5*w(d). What is z(13)?
3
Suppose 364 = -8*z + z. Let v be 8/10*(57 + z). Let g(k) = -7*k + 12. Determine g(v).
-16
Let k(d) = -d - 3. Let z be ((-50)/(-4))/(12/(-8))*-3. Let w(f) = 5*f - 130. Let l be w(z). Determine k(l).
2
Let b(r) be the third derivative of r**4/24 + 8*r**3/3 + 22*r**2 - 2. Give b(-3).
13
Let d(h) = -6 - 10535*h - 22 + 10540*h. Give d(-21).
-133
Let o(r) = 0 - 1 + 0 - 3*r. Let l = 17891 + -17890. What is o(l)?
-4
Let i(q) = 23*q**3 + 31*q**2 + 24*q + 20. Let c(z) = -13*z**3 - 19*z**2 - 13*z - 10. Let r(t) = -7*c(t) - 4*i(t). Calculate r(5).
65
Let j(y) be the third derivative of -5*y**4/24 - 43*y**3/6 - 196*y**2 - 1. Determine j(-7).
-8
Let a(d) = d**2 + 5*d - 8. Let h(w) = w**2 + 19*w + 92. Let n be h(-11). Suppose 5*c + 5*f + 1 = -24, 0 = 4*c - n*f + 28. Calculate a(c).
-2
Let h(k) be the second derivative of -k**4/12 + k**3/3 - 3634*k. Determine h(4).
-8
Let m(i) = i**2 + 3*i + 6. Let h(k) = 2*k + 2. Let d(f) = -17*f - 206. Let g be d(-12). Let r(n) = g*m(n) + 5*h(n). Let l = 7 + -5. Give r(l).
-2
Let a(q) = q**2 + 14*q + 8. Let n = 914 - 854. Suppose -n*v + 7 = -2*m - 55*v, -2*m - v = 13. Calculate a(m).
-40
Let k(z) = -z**3 - 7*z**2 - 5*z. Let p be k(-6). Let f(y) = y + 10. Let r be f(-10). Let t(j) = 4 - 12 + j + r*j - 3*j. What is t(p)?
4
Let t be 1*(3 - (-4 + 2)). Let k = t + -7. Let q(f) = 36*f - 21. Let j(v) = 30*v - 18. Let b(z) = 7*j(z) - 6*q(z). What is b(k)?
12
Suppose -228*w + 231*w + 5*t = -11, 3*t = 6. Let d(i) = i - 6. Let u(j) = 3*j - 11. Let s(c) = -7*d(c) + 3*u(c). Give s(w).
-5
Let g(c) = -c + 6. Let p(m) = 5*m - 25. Let j = -69 + 91. Suppose -5*f - 2*o + j = -o, -3*o + 11 = 4*f. Let x be p(f). What is g(x)?
6
Let h(r) = 9*r + 23. Let o(n) = -5*n - 13. Let f(y) = -4*h(y) - 7*o(y). Suppose -b + p - 21 = -4*p, 4*p - 18 = 2*b. Give f(b).
0
Let u(d) = 4*d + 9. Let j = 218 - 211. Suppose -4 - 31 = j*p. Determine u(p).
-11
Let i(s) = 5*s - 21. Let o(z) = -7*z + 24. Let w(h) = 6*i(h) + 5*o(h). Let b = -225 - -231. Calculate w(b).
-36
Let z be 2/7 + (-40)/(-7). Let v(k) = -30*k - 30*k - 27*k - 26*k + 2 + 141*k - 29*k. Determine v(z).
-4
Let d(o) = -o**3 + 4*o**2 + 2*o + 16. Let w = -31924 + 31924. Determine d(w).
16
Let s(f) be the first derivative of -3*f**2 + 96*f - 1381. Determine s(16).
0
Let b(w) = 5*w + 28. Let c be (-255)/25 - -4 - 2*(-1)/10. Determine b(c).
-2
Let a = -1174 - -1172. Let b(x) = -5*x**3 + 3*x**2 - x + 6. Let i(r) = 6*r**3 - 4*r**2 + r - 7. Let q(v) = -5*b(v) - 4*i(v). Determine q(a).
-8
Let f(j) be the second derivative of j**4/6 - 12*j**3 - 59*j**2/2 - 2*j - 3284. Determine f(37).
15
Let i = 39813 + -39815. Let j(n) = 17*n + 12. Calculate j(i).
-22
Let x be (2 - 5)/((-8)/(192/18)). Suppose 1 = -x*b + 17. Suppose f = -b*r - 4, -11*f + 6*f = -4*r - 4. Let s(k) = k + 3. Give s(f).
3
Let s(g) be the first derivative of -32*g**2 + 312*g - 3258. Determine s(5).
-8
Let g(q) be the third derivative of -q**5/60 + 11*q**4/4 + 176*q**3/3 - 352*q**2 + 1. Determine g(-5).
-3
Let n(x) = x**2 - 5*x + 1. Let k(f) = 18*f + 1. Let c(o) = -k(o) - 3*n(o). Determine c(-3).
-22
Let u(l) = -34*l**2 + 2*l - 12. Let k(a) = -a + 13. Let y(z) = k(z) + u(z). Determine y(-1).
-34
Let g(r) = 17*r**2 + 7*r**2 - 24*r**2 - 4*r**3 + 21*r**2 + 3*r**3 - 18 - 67*r. Give g(17).
-1
Let c(y) be the third derivative of -y**6/120 + y**5/6 - y**4/3 + 2*y**2 + 422. Let n = 5 + 4. Give c(n).
9
Let r(o) = -o**2 + 12*o + 8. Let n = -221 - -224. Suppose -2*v + n*v - 13 = 0. Give r(v).
-5
Let l(i) = i**2 - 21*i + 72. Let z = -17875 - -17880. What is l(z)?
-8
Let v(y) = -y**2 - 5*y - 1. Let f = -263 - -225. Let n be 4/f + (-4592)/779. What is v(n)?
-7
Let v(r) be the second derivative of -r**5/20 + 13*r**4/6 + 28*r**3/3 - 5*r**2/2 - 1037*r - 1. What is v(28)?
-5
Let y(l) = -2 - 10 + 4 + 3*l - 15*l + l**3 - 10*l**2 - 10. Calculate y(11).
-29
Let v(y) = -y**3 + 21*y**2 + 20*y + 21. Let m(s) = 72*s - 338. Let h be m(5). What is v(h)?
-23
Let h be (-138)/45*510/(-68). Let x(i) = i**2 - 21*i - 17. Calculate x(h).
29
Let j(c) = -3*c**3 - 2*c**2 - 15*c - 28. Let u(w) = 2*w**3 + 3*w**2 + 12*w + 28. Let y(q) = -3*j(q) - 4*u(q). What is y(7)?
0
Let c(l) = l**3 - 11*l**2 - 6*l - 17. Suppose 0 = 16*m + 4264 - 4456. Calculate c(m).
55
Let s be (-2 + 0 + -1)/((-6708)/11180). Let i(j) be the third derivative of 1/3*j**3 + 1/30*j**s + 0 - 1/6*j**4 + 0*j + j**2. What is i(3)?
8
Let k be (-6)/10 + (-4)/10. Let z(n) = n + 3. Let u(d) = d - 1. Let r = 469 + -473. Let t(c) = k*z(c) + r*u(c). What is t(2)?
-9
Let h(l) = 43*l**2 - 2*l + 3. Let q(z) = 62*z**2 + 2. Let f(g) = -3*h(g) + 2*q(g). What is f(4)?
-61
Let g(y) = -y**2 - y - 2. Let d(u) = 5*u**2 + 3*u - 3. Let a(p) = -d(p) - 4*g(p). Let j = -1 + 1. What is a(j)?
11
Suppose 3726*b = 3735*b. Let i(l) = l**3 + 8*l**2 + 6*l. Let h be i(-7). Let k(q) = 17 - 8 - h*q + 6*q. Determine k(b).
9
Let j(d) = -7 - 11*d - 27 + 4 + 43. What is j(6)?
-53
Suppose 0 = -4*p - 2*k + 12, -5*p - 3*p = -2*k. Let n(z) = 58*z**2 - z. Calculate n(p).
57
Let l(u) = -564 + 1679 - 2*u - 559 - 565. Let v = 5 - -6. What is l(v)?
-31
Let i(s) = s**3 + 3*s**2 + 3. Suppose 3*r - 796 = r. Suppose -4*o + 182 + 36 = 3*b, -5*b + 2*o = -r. Let w be b/(-273) + (-38)/14. Calculate i(w).
3
Let a be 2/(7 + (-2456)/352). Let v(y) = 3*y + 37 - a + 33. Give v(8).
6
Let w be (-10043)/(-132) + -76 - 1*2/24. Let h(n) be the third derivative of 5/3*n**3 + 1/4*n**4 - 1/60*n**5 + w*n + 35*n**2 + 0. What is h(7)?
3
Let t(k) = -4*k - 1121932*k**2 + 1121937*k**2 + 0*k**3 + k**3 - 3*k - 5. What is t(-5)?
30
Let v(q) = 7*q**2 + 26*q + 83. Let c(k) = k**2 + k + 7. Let x(i) = 8*c(i) - v(i). Give x(21).
36
Let z(h) be the third derivative of -5*h**2 - 1/60*h**5 + 0 - 1/8*h**4 + 5/6*h**3 + 0*h. Suppose 20 = -8*o - 2*l - 2*l, -2*o - 2*l = 0. Give z(o).
-5
Let i(p) = 8*p**3 + 42*p**2 + 40*p + 16. Let s(h) = -5*h**3 - 21*h**2 - 20*h - 7. Let f(q) = -3*i(q) - 5*s(q). Calculate f(22).
31
Let k(v) be the third derivative of v**6/120 + v**5/20 - 5*v**4/24 - v**3/3 + 829*v**2 - 3. Let r(w) = -5*w**2 + 1. Let x be r(1). What is k(x)?
2
Let n be (-40)/25 - ((-35)/(-150) + (-3)/(-18)). Let u(v) = -15*v - 5. Give u(n).
25
Let v(u) = -150*u + 1638. Let x be v(11). Let b(a) = a**3 + 11*a**2 - 13*a - 12. Determine b(x).
0
Let v be (-6)/(-14) + (-78)/(-14) + -2. Suppose v*y - 8 = -4*j, y + 0*y + 3*j = -8. Let b(s) = 4 + s**2 - 4*s + y - 9 - 3*s. Give b(4).
-10
Let v(y) = -y**3 + 11*y**2 + 30*y - 49. Let u = 11068 - 11055. What is v(u)?
3
Let h = -78 + 80. Let i(j) = 3 + j**3 - 34*j - 27*j + 4*j**h + 61*j. Determine i(-4).
3
Let i(q) = -q**2 + 32*q + 223. Suppose -722 = -5917*a + 5898*a. Give i(a).
-5
Let n(w) = 8*w**2 - 4*w + 2. Suppose 71*r - 58*r = 13. Calculate n(r).
6
Let x(t) = -t**3 - 10*t**2 - 10*t - 9. Suppose -5*a + 23 = -2*h, 2*a + 55 = 3*h + 84. Calculate x(h).
0
Let r = -15 - 69. Let h = -19 - r. Let i = h + -71. Let d(x) = -x - 1. What is d(i)?
5
Let d(c) = -73*c**3 - 2*c**2 - 2*c - 1. Let k be d(-1). Let n(q) = 5*q - k - 84 + 145. Calculate n(5).
14
Let x(y) = -y**2 + 42*y - 2. Let j(n) = 3*n**2 + 13*n + 16. Let o(a) = -j(a) + x(a). Determine o(6).
12
Let d be (-3)/(((-72)/(-44))/(-6)). Suppose 6*z = -d + 83. Let f be z/(-9)*72/(-16). Let w(g) = -g**2 + 7*g - 2. What is w(f)?
4
Suppose -5*y - 5*x + 73 = 28, 0 = 4*y - 5*x - 99. Let d(r) = -r**3 + 18*r**2 - 31*r - 24. Calculate d(y).
-8
Let c(h) = -h**3 - 7*h**2 + 2*h + 13. Let v(t) = -189*t. Let s 